{"id":1945,"date":"2021-12-21T22:59:01","date_gmt":"2021-12-21T22:59:01","guid":{"rendered":"https:\/\/yuvaokulyayinlari.com\/web\/?post_type=product&#038;p=1945"},"modified":"2026-03-26T13:00:56","modified_gmt":"2026-03-26T13:00:56","slug":"sevgi-cocuklari","status":"publish","type":"product","link":"https:\/\/yuvaokulyayinlari.com\/web\/?product=sevgi-cocuklari","title":{"rendered":"Sevgi \u00c7ocuklar\u0131 Okumaya Ba\u015fl\u0131yor 1.S\u0131n\u0131f"},"content":{"rendered":"<p>Okurlara farkl\u0131 d\u00fcnyalar\u0131n kap\u0131lar\u0131n\u0131 aralayacak, hayal g\u00fc\u00e7lerini zenginle\u015ftirecek bir seri geliyor. Birinci s\u0131n\u0131flar i\u00e7in haz\u0131rlanan, on kitaptan olu\u015fan Sevgi \u00c7ocuklar\u0131 Serisi\u2019yle soluksuz okuyaca\u011f\u0131n\u0131z maceralara ad\u0131m atacaks\u0131n\u0131z. Yuva Okul Yay\u0131nlar\u0131\u2019ndan Ahu G\u00f6lc\u00fco\u011fullar\u0131 Karag\u00fclle imzas\u0131yla \u00e7\u0131kan Sevgi \u00c7ocuklar\u0131 Serisi karar verme, se\u00e7im yapma, hayal kurma, cesaret, hayvan sevgisi, yard\u0131mla\u015fma, anlay\u0131\u015fl\u0131 olma, dostluk, arkada\u015fl\u0131k, \u00f6z g\u00fcven, empati, do\u011fa sevgisi, sorumluluk alma gibi temalar\u0131 da i\u015fliyor.<\/p>\n","protected":false},"excerpt":{"rendered":"<p>Okurlara farkl\u0131 d\u00fcnyalar\u0131n kap\u0131lar\u0131n\u0131 aralayacak, hayal g\u00fc\u00e7lerini zenginle\u015ftirecek bir seri geliyor. Birinci s\u0131n\u0131flar i\u00e7in haz\u0131rlanan, on kitaptan olu\u015fan Sevgi \u00c7ocuklar\u0131 Serisi\u2019yle soluksuz okuyaca\u011f\u0131n\u0131z maceralara ad\u0131m atacaks\u0131n\u0131z. Yuva Okul Yay\u0131nlar\u0131\u2019ndan Ahu G\u00f6lc\u00fco\u011fullar\u0131 Karag\u00fclle imzas\u0131yla \u00e7\u0131kan Sevgi \u00c7ocuklar\u0131 Serisi karar verme, se\u00e7im yapma, hayal kurma, cesaret, hayvan sevgisi, yard\u0131mla\u015fma, anlay\u0131\u015fl\u0131 olma, dostluk, arkada\u015fl\u0131k, \u00f6z g\u00fcven, empati, do\u011fa [&hellip;]<\/p>\n","protected":false},"featured_media":1947,"template":"","meta":[],"product_brand":[],"product_cat":[143],"product_tag":[56,67],"class_list":{"0":"post-1945","1":"product","2":"type-product","3":"status-publish","4":"has-post-thumbnail","6":"product_cat-1-sinif-hikaye","7":"product_tag-1-sinif","8":"product_tag-hikaye","10":"first","11":"instock","12":"shipping-taxable","13":"purchasable","14":"product-type-simple"},"_links":{"self":[{"href":"https:\/\/yuvaokulyayinlari.com\/web\/index.php?rest_route=\/wp\/v2\/product\/1945","targetHints":{"allow":["GET"]}}],"collection":[{"href":"https:\/\/yuvaokulyayinlari.com\/web\/index.php?rest_route=\/wp\/v2\/product"}],"about":[{"href":"https:\/\/yuvaokulyayinlari.com\/web\/index.php?rest_route=\/wp\/v2\/types\/product"}],"wp:featuredmedia":[{"embeddable":true,"href":"https:\/\/yuvaokulyayinlari.com\/web\/index.php?rest_route=\/wp\/v2\/media\/1947"}],"wp:attachment":[{"href":"https:\/\/yuvaokulyayinlari.com\/web\/index.php?rest_route=%2Fwp%2Fv2%2Fmedia&parent=1945"}],"wp:term":[{"taxonomy":"product_brand","embeddable":true,"href":"https:\/\/yuvaokulyayinlari.com\/web\/index.php?rest_route=%2Fwp%2Fv2%2Fproduct_brand&post=1945"},{"taxonomy":"product_cat","embeddable":true,"href":"https:\/\/yuvaokulyayinlari.com\/web\/index.php?rest_route=%2Fwp%2Fv2%2Fproduct_cat&post=1945"},{"taxonomy":"product_tag","embeddable":true,"href":"https:\/\/yuvaokulyayinlari.com\/web\/index.php?rest_route=%2Fwp%2Fv2%2Fproduct_tag&post=1945"}],"curies":[{"name":"wp","href":"https:\/\/api.w.org\/{rel}","templated":true}]}}