{"id":1958,"date":"2021-12-21T23:25:20","date_gmt":"2021-12-21T23:25:20","guid":{"rendered":"https:\/\/yuvaokulyayinlari.com\/web\/?post_type=product&#038;p=1958"},"modified":"2025-05-28T08:19:17","modified_gmt":"2025-05-28T08:19:17","slug":"turk-ve-dunya-klasikleri","status":"publish","type":"product","link":"https:\/\/yuvaokulyayinlari.com\/web\/?product=turk-ve-dunya-klasikleri","title":{"rendered":"T\u00fcrk ve D\u00fcnya Klasikleri 2. ve 3.S\u0131n\u0131f"},"content":{"rendered":"<p>Okurlara farkl\u0131 d\u00fcnyalar\u0131n kap\u0131lar\u0131n\u0131 aralayacak, hayal g\u00fc\u00e7lerini zenginle\u015ftirecek bir seri geliyor. \u0130kinci ve \u00fc\u00e7\u00fcnc\u00fc s\u0131n\u0131flar i\u00e7in haz\u0131rlanan, on kitaptan olu\u015fan T\u00fcrk ve D\u00fcnya Klasikleri Serisi soluksuz okuyaca\u011f\u0131n\u0131z maceralara ad\u0131m atacaks\u0131n\u0131z. Zaman zaman siz de kitaplar\u0131n nas\u0131l klasik olup da d\u00fcnyada ve \u00fclkemizde ses getiren eserlere d\u00f6n\u00fc\u015ft\u00fc\u011f\u00fcn\u00fc merak etmi\u015fsinizdir. Klasikler se\u00e7ilen t\u00fcr\u00fcn en iyilerinden biridir. Sanatsal anlamda t\u00fcr\u00fc, en u\u00e7 noktaya ta\u015f\u0131rlar. Klasik kelimesinin birden fazla anlam\u0131 bulunmaktad\u0131r.<\/p>\n","protected":false},"excerpt":{"rendered":"<p>Okurlara farkl\u0131 d\u00fcnyalar\u0131n kap\u0131lar\u0131n\u0131 aralayacak, hayal g\u00fc\u00e7lerini zenginle\u015ftirecek bir seri geliyor. \u0130kinci ve \u00fc\u00e7\u00fcnc\u00fc s\u0131n\u0131flar i\u00e7in haz\u0131rlanan, on kitaptan olu\u015fan T\u00fcrk ve D\u00fcnya Klasikleri Serisi soluksuz okuyaca\u011f\u0131n\u0131z maceralara ad\u0131m atacaks\u0131n\u0131z. Zaman zaman siz de kitaplar\u0131n nas\u0131l klasik olup da d\u00fcnyada ve \u00fclkemizde ses getiren eserlere d\u00f6n\u00fc\u015ft\u00fc\u011f\u00fcn\u00fc merak etmi\u015fsinizdir. Klasikler se\u00e7ilen t\u00fcr\u00fcn en iyilerinden biridir. Sanatsal [&hellip;]<\/p>\n","protected":false},"featured_media":1959,"template":"","meta":[],"product_brand":[],"product_cat":[144],"product_tag":[],"class_list":{"0":"post-1958","1":"product","2":"type-product","3":"status-publish","4":"has-post-thumbnail","6":"product_cat-2-3-sinif-hikaye","8":"first","9":"instock","10":"shipping-taxable","11":"purchasable","12":"product-type-simple"},"_links":{"self":[{"href":"https:\/\/yuvaokulyayinlari.com\/web\/index.php?rest_route=\/wp\/v2\/product\/1958","targetHints":{"allow":["GET"]}}],"collection":[{"href":"https:\/\/yuvaokulyayinlari.com\/web\/index.php?rest_route=\/wp\/v2\/product"}],"about":[{"href":"https:\/\/yuvaokulyayinlari.com\/web\/index.php?rest_route=\/wp\/v2\/types\/product"}],"wp:featuredmedia":[{"embeddable":true,"href":"https:\/\/yuvaokulyayinlari.com\/web\/index.php?rest_route=\/wp\/v2\/media\/1959"}],"wp:attachment":[{"href":"https:\/\/yuvaokulyayinlari.com\/web\/index.php?rest_route=%2Fwp%2Fv2%2Fmedia&parent=1958"}],"wp:term":[{"taxonomy":"product_brand","embeddable":true,"href":"https:\/\/yuvaokulyayinlari.com\/web\/index.php?rest_route=%2Fwp%2Fv2%2Fproduct_brand&post=1958"},{"taxonomy":"product_cat","embeddable":true,"href":"https:\/\/yuvaokulyayinlari.com\/web\/index.php?rest_route=%2Fwp%2Fv2%2Fproduct_cat&post=1958"},{"taxonomy":"product_tag","embeddable":true,"href":"https:\/\/yuvaokulyayinlari.com\/web\/index.php?rest_route=%2Fwp%2Fv2%2Fproduct_tag&post=1958"}],"curies":[{"name":"wp","href":"https:\/\/api.w.org\/{rel}","templated":true}]}}