{"id":2026,"date":"2022-09-06T13:23:43","date_gmt":"2022-09-06T13:23:43","guid":{"rendered":"https:\/\/yuvaokulyayinlari.com\/web\/?post_type=product&#038;p=2026"},"modified":"2026-03-26T13:00:57","modified_gmt":"2026-03-26T13:00:57","slug":"etkinliklerle-her-haftaya-hikayelerle-deyimler","status":"publish","type":"product","link":"https:\/\/yuvaokulyayinlari.com\/web\/?product=etkinliklerle-her-haftaya-hikayelerle-deyimler","title":{"rendered":"Etkinliklerle Her Haftaya Hikayelerle Deyimler"},"content":{"rendered":"<p>HER HAFTAYA B\u0130R \u00d6YK\u00dc<br \/>\nATAS\u00d6ZLER\u0130 VE DEY\u0130MLER ODAKLI \u00d6YK\u00dcLER<br \/>\nH\u0130KAYELERE UYGUN TESTLER<br \/>\n\u00d6YK\u00dc YORUMLAMA ETK\u0130NL\u0130KLER\u0130<br \/>\n2.3. ve 4.S\u0131n\u0131flar \u0130\u00e7in<\/p>\n","protected":false},"excerpt":{"rendered":"<p>HER HAFTAYA B\u0130R \u00d6YK\u00dc ATAS\u00d6ZLER\u0130 VE DEY\u0130MLER ODAKLI \u00d6YK\u00dcLER H\u0130KAYELERE UYGUN TESTLER \u00d6YK\u00dc YORUMLAMA ETK\u0130NL\u0130KLER\u0130 2.3. ve 4.S\u0131n\u0131flar \u0130\u00e7in<\/p>\n","protected":false},"featured_media":2019,"template":"","meta":[],"product_brand":[],"product_cat":[15,144,145],"product_tag":[],"class_list":{"0":"post-2026","1":"product","2":"type-product","3":"status-publish","4":"has-post-thumbnail","6":"product_cat-genel","7":"product_cat-2-3-sinif-hikaye","8":"product_cat-3-4-sinif-hikaye","10":"first","11":"instock","12":"shipping-taxable","13":"purchasable","14":"product-type-simple"},"_links":{"self":[{"href":"https:\/\/yuvaokulyayinlari.com\/web\/index.php?rest_route=\/wp\/v2\/product\/2026","targetHints":{"allow":["GET"]}}],"collection":[{"href":"https:\/\/yuvaokulyayinlari.com\/web\/index.php?rest_route=\/wp\/v2\/product"}],"about":[{"href":"https:\/\/yuvaokulyayinlari.com\/web\/index.php?rest_route=\/wp\/v2\/types\/product"}],"wp:featuredmedia":[{"embeddable":true,"href":"https:\/\/yuvaokulyayinlari.com\/web\/index.php?rest_route=\/wp\/v2\/media\/2019"}],"wp:attachment":[{"href":"https:\/\/yuvaokulyayinlari.com\/web\/index.php?rest_route=%2Fwp%2Fv2%2Fmedia&parent=2026"}],"wp:term":[{"taxonomy":"product_brand","embeddable":true,"href":"https:\/\/yuvaokulyayinlari.com\/web\/index.php?rest_route=%2Fwp%2Fv2%2Fproduct_brand&post=2026"},{"taxonomy":"product_cat","embeddable":true,"href":"https:\/\/yuvaokulyayinlari.com\/web\/index.php?rest_route=%2Fwp%2Fv2%2Fproduct_cat&post=2026"},{"taxonomy":"product_tag","embeddable":true,"href":"https:\/\/yuvaokulyayinlari.com\/web\/index.php?rest_route=%2Fwp%2Fv2%2Fproduct_tag&post=2026"}],"curies":[{"name":"wp","href":"https:\/\/api.w.org\/{rel}","templated":true}]}}